factors of 16332120?
2, 3, 5, 7, 6481
What are the prime factors of 27003?
3, 9001
List the prime factors of 1160769.
3, 61, 6343
List the prime factors of 1903396.
2, 11, 181, 239
What are the prime factors of 206514?
2, 3, 7, 11, 149
List the prime factors of 19128341.
23, 349, 2383
What are the prime factors of 21685789?
21685789
What are the prime factors of 1856206?
2, 11, 139, 607
List the prime factors of 11741234.
2, 5870617
What are the prime factors of 267031?
71, 3761
List the prime factors of 11808856.
2, 719, 2053
List the prime factors of 1363733.
7, 194819
What are the prime factors of 718652?
2, 11, 16333
List the prime factors of 19690482.
2, 3, 7, 468821
What are the prime factors of 586108?
2, 146527
List the prime factors of 9867452.
2, 7, 352409
What are the prime factors of 2027348?
2, 506837
What are the prime factors of 16798052?
2, 19, 11633
List the prime factors of 157438.
2, 223, 353
List the prime factors of 16175398.
2, 17, 389, 1223
What are the prime factors of 2142312?
2, 3, 23, 3881
List the prime factors of 4979976.
2, 3, 19, 67, 163
List the prime factors of 240153.
3, 80051
List the prime factors of 15417096.
2, 3, 17, 29, 1303
List the prime factors of 354940.
2, 5, 17747
What are the prime factors of 1702673?
7, 243239
What are the prime factors of 566920?
2, 5, 14173
List the prime factors of 37154143.
13, 219847
List the prime factors of 2843454.
2, 3, 17, 61, 457
What are the prime factors of 105236?
2, 26309
What are the prime factors of 7468?
2, 1867
List the prime factors of 2306268.
2, 3, 64063
What are the prime factors of 1107431?
13, 17, 5011
What are the prime factors of 13858163?
11, 19, 61, 1087
What are the prime factors of 5507233?
5507233
What are the prime factors of 4401626?
2, 2200813
List the prime factors of 1061393.
1061393
What are the prime factors of 1656896?
2, 25889
What are the prime factors of 4842741?
3, 1614247
List the prime factors of 13874058.
2, 3, 11, 23357
List the prime factors of 900868.
2, 225217
List the prime factors of 239257.
67, 3571
What are the prime factors of 138976?
2, 43, 101
What are the prime factors of 25140?
2, 3, 5, 419
What are the prime factors of 721379?
721379
List the prime factors of 326903.
326903
What are the prime factors of 6888329?
7, 984047
What are the prime factors of 612683?
29, 37, 571
List the prime factors of 1581069.
3, 7, 75289
What are the prime factors of 34354?
2, 89, 193
What are the prime factors of 1889435?
5, 377887
List the prime factors of 9090473.
7, 1109, 1171
List the prime factors of 1984820.
2, 5, 99241
List the prime factors of 162118.
2, 11, 7369
What are the prime factors of 285469?
285469
What are the prime factors of 23019786?
2, 3, 283, 4519
What are the prime factors of 2721014?
2, 1360507
List the prime factors of 1158400.
2, 5, 181
What are the prime factors of 291530?
2, 5, 29153
List the prime factors of 8635366.
2, 4317683
What are the prime factors of 148034?
2, 74017
List the prime factors of 416855.
5, 263, 317
List the prime factors of 384477.
3, 128159
List the prime factors of 750213.
3, 83357
List the prime factors of 1192093.
7, 170299
List the prime factors of 533134.
2, 7, 113, 337
List the prime factors of 762253.
762253
What are the prime factors of 268015?
5, 11, 443
List the prime factors of 21470428.
2, 7, 15649
What are the prime factors of 65162?
2, 31, 1051
List the prime factors of 121604.
2, 7, 43, 101
What are the prime factors of 828176?
2, 191, 271
List the prime factors of 96996.
2, 3, 59, 137
What are the prime factors of 32805?
3, 5
List the prime factors of 9758819.
7, 29, 48073
What are the prime factors of 614289?
3, 13, 19, 829
List the prime factors of 5874564.
2, 3, 37, 101, 131
List the prime factors of 20440526.
2, 163, 62701
List the prime factors of 2339113.
7, 47737
What are the prime factors of 7909855?
5, 307, 5153
What are the prime factors of 149514?
2, 3, 24919
What are the prime factors of 254338?
2, 7, 37, 491
What are the prime factors of 1277702?
2, 43, 83, 179
What are the prime factors of 802746?
2, 3, 7, 23, 277
What are the prime factors of 17275870?
2, 5, 1727587
List the prime factors of 13447419.
3, 313, 14321
List the prime factors of 629145.
3, 5, 11, 31, 41
List the prime factors of 106707.
3, 35569
List the prime factors of 1653632.
2, 12919
List the prime factors of 323853.
3, 107951
List the prime factors of 1211552.
2, 37861
What are the prime factors of 237073?
237073
What are the prime factors of 454676?
2, 197, 577
List the prime factors of 5101415.
5, 11, 92753
List the prime factors of 2131277.
109, 19553
List the prime factors of 34174313.
5273, 6481
What are the prime factors of 563248?
2, 7, 47, 107
List the prime factors of 1810331.
311, 5821
List the prime factors of 1571810.
2, 5, 157181
What are the prime factors of 401725?
5, 16069
List the prime factors of 3129989.
17, 184117
What are the prime factors of 15510657?
3, 199, 25981
List the prime factors of 679545.
3, 5, 15101
What are the prime factors of 229147?
43, 73
What are the prime factors of 363025?
5, 13, 1117
What are the prime factors of 1219327?
127, 9601
List the prime factors of 142447.
181, 787
List the prime factors of 11828676.
2, 3, 985723
What are the prime factors of 612784?
2, 38299
List the prime factors of 2644937.
103, 25679
List the prime factors of 309045.
3, 5, 11, 1873
List the prime factors of 7136987.
11, 13, 29, 1721
List the prime factors of 3156706.
2, 7, 225479
What are the prime factors of 18921677?
43, 440039
List the prime factors of 224371.
7, 19, 241
List the prime factors of 209994.
2, 3, 31, 1129
What are the prime factors of 70637?
7, 10091
What are the prime factors of 181492?
2, 17, 157
List the prime factors of 1489601.
83, 131, 137
List the prime factors of 314896.
2, 19681
What are the prime factors of 191284?
2, 17, 29, 97
List the prime factors of 6426124.
2, 307, 5233
List the prime factors of 1038520.
2, 5, 7, 3709
What are the prime factors of 5697986?
2, 7, 19, 31, 691
List the prime factors of 4141636.
2, 1035409
List the prime factors of 794735.
5, 53, 2999
List the prime factors of 7240833.
3, 89393
What are the prime factors of 253825?
5, 11, 13, 71
List the prime factors of 277312.
2, 7, 619
What are the prime factors of 6303914?
2, 41, 59, 1303
List the prime factors of 6378934.
2, 47, 79, 859
List the prime factors of 6532821.
3, 547, 1327
What are the prime factors of 5484534?
2, 3, 11, 23, 3613
List the prime factors of 48950.
2, 5, 11, 89
List the prime factors of 20125586.
2, 13, 17, 45533
List the prime factors of 2795362.
2, 1397681
List the prime factors of 1577131.
349, 4519
What are the prime factors of 78504?
2, 3, 3271
What are the prime factors of 179128?
2, 22391
List the prime factors of 173690.
2, 5, 11, 1579
List the prime factors of 267611.
267611
What are the prime factors of 231463?
231463
List the prime factors of 347788.
2, 7, 12421
List the prime factors of 1149562.
2, 43, 13367
List the prime factors of 311134.
2, 17, 9151
What are the prime factors of 5430?
2, 3, 5, 181
What are the prime factors of 6332523?
3, 193, 10937
What are the prime factors of 3731251?
3731251
List the prime factors of 603030.
2, 3, 5, 20101
What are the prime factors of 20095746?
2, 3, 11, 304481
List the prime factors of 10569828.
2, 3, 880819
List the prime factors of 5758471.
719, 8009
What are the prime factors of 826796?
2, 206699
What are the prime factors of 923713?
7, 131959
List the prime factors of 112411.
13, 8647
What are the prime factors of 16913001?
3, 7, 805381
List the prime factors of 1707376.
2, 11, 89, 109
What are the prime factors of 20134520?
2, 5, 7, 71909
List the prime factors of 2115718.
2, 11, 17, 5657
What are the prime factors of 2099181?
3, 7, 99961
List the prime factors of 19252217.
73, 263729
List the prime factors of 345686.
2, 11, 19, 827
List the prime factors of 33513911.
33513911
List the prime factors of 1047398.
2, 11, 47609
What are the prime factors of 1255?
5, 251
What are the prime factors of 120511?
120511
What are the prime factors of 18677?
19, 983
List the prime factors of 3581040.
2, 3, 5, 43, 347
List the prime factors of 226243.
233, 971
List the prime factors of 600855.